2
Let f(g) = 2*g**2 + 5*g - 1. Let w be f(-7). Suppose -w = -4*m + k, -5*m - 6*k + 67 = -2*k. Let o = m - 9. List the prime factors of o.
2, 3
Let d(j) = j**3 + 10*j**2 + 6*j + 4. List the prime factors of d(-7).
109
Let x(g) be the third derivative of -g**6/120 + g**5/10 - g**4/12 + g**3 - 4*g**2. Let j be x(4). List the prime factors of j/4*(-20)/(-30).
5
Let r(l) = 7*l**2 + l - 1. Let k be r(-2). Suppose 9*o = 4*o + k. What are the prime factors of o?
5
Suppose -21 - 29 = u. Let a = u - -82. List the prime factors of a.
2
Let y(a) = 2*a - 1. Let d be y(3). Suppose 4*p = d*j + 4, -2*p + 0*j = 2*j - 2. List the prime factors of 1*(4 - (p + 1)).
2
Suppose 0 = 4*h - 3*d - 87, h = -5*d + 35 + 4. Suppose -5*z = -6 - h. Suppose -3*i + 18 = z. List the prime factors of i.
2
List the prime factors of 1161/3*(-3)/(-9).
3, 43
List the prime factors of 3 - 1*30/(-3).
13
Let s = 99 - 51. Let y = -1 - -1. Suppose y = 4*z - s + 8. What are the prime factors of z?
2, 5
Suppose 2*a = 6*a. Suppose -2*i + a*i = -26. List the prime factors of i.
13
Suppose -4*f = 3*n - 209, 3*n = -5*f + n + 263. List the prime factors of f.
53
Let c(u) = u. Let j be 7/(-14) - 50/(-4). Let q = 19 - j. List the prime factors of c(q).
7
Suppose 6 = -n - 3*y, -2*n + 0*y + 5*y + 43 = 0. Let b = 19 + n. What are the prime factors of b?
2, 7
Suppose 56 = 4*d - 2*d. List the prime factors of d.
2, 7
Suppose 0 = 5*s - j - 20, 2 = s - 5*j + 22. Suppose -63 - 27 = -s*v. What are the prime factors of v?
2, 3
Suppose -4*j + 16 = -4. Suppose j = t - n, 2*n - 13 = -3*t + 7. Suppose -3*f + t = -0*f. What are the prime factors of f?
2
Suppose -16*g = -11*g - 595. What are the prime factors of g?
7, 17
Suppose 5*w - 28 = 3*g, -5*g + 3 = -2*w - 1. What are the prime factors of w?
2
Let p = -32 - -51. Suppose 0 = -4*l - 33 - 3. Let i = p + l. What are the prime factors of i?
2, 5
Let t(p) be the first derivative of -p**2/2 + 18*p - 2. Let r be t(0). Suppose -5*h + 48 = s, -r = -2*h - s - 0*s. List the prime factors of h.
2, 5
What are the prime factors of (-12)/(-8) - (3 + (-434)/4)?
107
Let t be ((-55)/44)/(1/4). Let h(w) = -2*w - 5. List the prime factors of h(t).
5
Suppose 0 = -4*j - 8, -2*p = j - 0*j - 62. Suppose -p = 2*n - 92. What are the prime factors of n?
2, 3, 5
Let o(k) = -3*k - 4. Let j(m) = -3*m - 5. Let s(f) = -4*j(f) + 3*o(f). Let b(r) = -6*r - 17. Let w(d) = -3*b(d) - 7*s(d). What are the prime factors of w(-4)?
7
Let o = -233 + 380. What are the prime factors of o?
3, 7
Let p be (-1 - -6)*(-16)/40. List the prime factors of (-34)/(-6) + p/3.
5
Suppose -5*d - 112 = -9*d. Suppose -c + d = -0*c. What are the prime factors of c?
2, 7
Let w = 13 - 10. Suppose -w*o = -o - 56. What are the prime factors of o?
2, 7
Suppose 2*v - 7 = g, -2*g + 0*v = 2*v - 10. List the prime factors of (-12)/g*4/(-8).
2, 3
Let y = 129 - 69. What are the prime factors of y?
2, 3, 5
Suppose 3*r + 12 = 0, -5*h - 9 - 9 = 2*r. What are the prime factors of 1 - 1/h*2?
2
Let c = 7 + -4. Suppose d - 13 = -3*r - d, -c*d + 12 = 3*r. What are the prime factors of r?
5
Let s be -6*1*(-15)/9. Suppose 5*k - 3*k = -10, 5*a + 10 = -4*k. Suppose 0 = -2*n + a + s. What are the prime factors of n?
2, 3
Let g(j) = j**2 + j. Let y be g(-1). Suppose -7*h + 3*h + 24 = y. List the prime factors of h.
2, 3
Suppose -2 = -3*m + 1. List the prime factors of 3/3*m*35.
5, 7
Suppose 5*v - 40 = -0*v. Let n = 15 - v. List the prime factors of n.
7
Suppose 3*v - 9 = 2*f - 6*f, -3*v - 3 = 0. Suppose 2*a - 5 - f = 0. Let x = 5 + a. What are the prime factors of x?
3
Let s(p) = -p - 9. Let k be s(-13). Suppose y - 24 = -4*w + 3*w, k*w - 8 = 0. What are the prime factors of y?
2, 11
Let d = 0 + -4. List the prime factors of d/12 + 20/6.
3
Let f be 16/6*12/8. Let l be 1/4 - 1/f. Suppose l*v - 6 = -2*v. What are the prime factors of v?
3
Suppose 5*x - 6*r + 2*r = 57, -x = -3*r - 7. Let u = x - -9. List the prime factors of u.
2, 11
Let a = -6 + 15. Let w be 4/3*a/6. What are the prime factors of (w + (-2)/(-3))*3?
2
List the prime factors of (-2)/5 - (-868)/20.
43
Suppose 2*h - 4 - 8 = 0. Suppose -4 = -2*o - 0. Suppose -3*b - 1 = y, 2*b + h = o*y - 8. List the prime factors of y.
5
Suppose -i + 3*u = 8*u - 86, -5*u = -2*i + 232. List the prime factors of i.
2, 53
Suppose 152 + 82 = 6*i. List the prime factors of i.
3, 13
Let q(a) = a**3 + 10*a**2 + 7*a - 10. Let k be 22/((-6)/3) - -2. Let h be q(k). List the prime factors of (1/2)/(1/h).
2
Suppose 0 = -2*s + 62 + 56. What are the prime factors of s?
59
Let r(w) = 2*w - 6. Let a be r(4). Let c(g) = 2*g**3 - g**2 + g - 2. List the prime factors of c(a).
2, 3
Let a(x) = 2*x - 4. Let u be a(3). Suppose -y + 40 = u*g + y, 5*y = -4*g + 81. List the prime factors of g.
19
Suppose -6*a = -8*a. Suppose a = -c + 2*c - 22. List the prime factors of c.
2, 11
List the prime factors of (294/9)/((-18)/(-81)).
3, 7
Suppose 2*l = -3*l - 270. Let q = l + 24. Let m = q + 45. What are the prime factors of m?
3, 5
Suppose 3*l - 105 = 3*d, -3*d - 6 + 0 = 0. What are the prime factors of l?
3, 11
Let b(r) = -5*r**3 - 2*r**2 - 6*r + 5. Let j be b(6). List the prime factors of j/(-63) - 2/(-9).
19
Let n = 67 + 85. What are the prime factors of n?
2, 19
Let m = -18 - -46. Suppose 3*u - m = u. List the prime factors of u.
2, 7
Let m(z) = -1 + 29*z + 14*z - 30*z. List the prime factors of m(3).
2, 19
Let u(z) = -z. Let a be u(2). Let j be a/(-3 - -1) + -4. Let o = j + 12. What are the prime factors of o?
3
Let z(q) = 3*q + 291. What are the prime factors of z(0)?
3, 97
What are the prime factors of (-3)/(-2*(-6)/(-952))?
2, 7, 17
Suppose 3*h = 0, -c + 85 = 4*c + 5*h. List the prime factors of c.
17
Suppose 3*o = o + 8. Suppose -o*y + g + 3*g = -4, -3*g = 2*y + 3. Suppose y = 4*r - 4*v - 56, 0 = -r + 3*r + 4*v - 10. List the prime factors of r.
11
Let s(k) = -4*k + 2. Let l be s(2). Let n = l + 1. Let j = 6 - n. What are the prime factors of j?
11
Suppose 6 = -6*m + 3*m. Let q = m - -29. What are the prime factors of q?
3
Let c = -17 - -6. Let d = c - -18. Suppose -4*o + g = -23, o + 11 = 5*g - d. List the prime factors of o.
7
Suppose -4*c + 20 = 4. What are the prime factors of 1*(-8)/c - -28?
2, 13
Let a(v) = -32*v**3 - v**2. What are the prime factors of a(-1)?
31
Let k = 88 + -52. List the prime factors of k.
2, 3
Let w be (5/(-20))/(1/(-8)). What are the prime factors of (11/(-33))/(w/(-204))?
2, 17
Suppose -3*g + 2*f + 12 = -2*f, -2*g + 8 = -3*f. Suppose -h + g = -0*h. What are the prime factors of h?
2
Suppose -4*x = -4*h + 24 + 152, -5*h - x + 220 = 0. Let d = h + -24. What are the prime factors of d?
2, 5
Let u = -110 - -162. List the prime factors of u.
2, 13
Let c(h) = 5*h**2 + 12*h - 9. Let y(q) = -2*q**2 - 6*q + 4. Let f(s) = -3*c(s) - 7*y(s). What are the prime factors of f(3)?
2
Let f be 4*(1 - (-2)/(-8)). Suppose 2*v + f*v = 45. List the prime factors of v.
3
Let h(q) = q**3 - 8*q**2 - 8*q - 3. Let u be h(9). What are the prime factors of (2 - u) + 4 + 3?
3
Let d(a) = -a**3 + 4*a**2 - 4*a. Let f be d(3). Let v(z) = -2*z - 2. List the prime factors of v(f).
2
Let w(j) = 11*j**2 + 2*j - 1. Let g = -16 + 24. Let c(l) = l - 7. Let y be c(g). What are the prime factors of w(y)?
2, 3
Let q(c) = -3*c**2 + 4*c**2 + 0*c + 3 + c. Let f be q(0). Suppose -2*b + h = -17, 5*b = f*h + 37 + 7. What are the prime factors of b?
7
Let u(p) = p**3 - 4*p**2 + 2*p + 2. Let q = 7 + -3. List the prime factors of u(q).
2, 5
Suppose 13*v = 6*v + 1344. What are the prime factors of v?
2, 3
Let v(r) = -2*r**2 - 3*r + 4. Let x be v(-3). Let s(p) = -2*p + 0 + 4 - 1 - 1. List the prime factors of s(x).
2, 3
Let d(z) = z**2 - 4*z + 3. Let t be d(4). Let u = 7 + t. List the prime factors of u.
2, 5
List the prime factors of 24 - (1 - 1)/(-1).
2, 3
Let m(y) = y - 5. Let w be m(10). Suppose -w*s = 3*o - 36, 4*o + s - 3*s - 48 = 0. Let b = o + 3. What are the prime factors of b?
3, 5
Let w = -12 - -14. List the prime factors of w.
2
Let j = -3 - 14. Let h = j - -22. List the prime factors of h.
5
Suppose 0 = -2*u + 5*p + 22, 6*p - p = 4*u - 44. What are the prime factors of u?
11
Let n(g) = g**3 + 10*g**2 + 6*g + 6. What are the prime factors of n(-9)?
3, 11
Suppose -4*i + 0 + 16 = 0. Suppose -i*x = -23 - 93. What are the prime factors 